{"id":374,"date":"2025-03-13T18:54:05","date_gmt":"2025-03-13T18:54:05","guid":{"rendered":"https:\/\/labs.sheikeco.com.br\/Plasmold\/?post_type=product&#038;p=374"},"modified":"2025-03-13T18:54:31","modified_gmt":"2025-03-13T18:54:31","slug":"balde-foods-in-mold-label","status":"publish","type":"product","link":"https:\/\/labs.sheikeco.com.br\/Plasmold\/produto\/balde-foods-in-mold-label\/","title":{"rendered":"BALDE FOODS IN MOLD LABEL"},"content":{"rendered":"<p>Caracter\u00edsticas:<\/p>\n<ul>\n<li>Fabricado em polipropileno P.P;<\/li>\n<li>At\u00f3xico, inodoro, Bpa Free;<\/li>\n<li>100% reutiliz\u00e1vel;<\/li>\n<li>Alta durabilidade.<\/li>\n<\/ul>\n<p>Capacidades:<\/p>\n<ul>\n<li>1,5 L.<\/li>\n<li>2,6 L<\/li>\n<li>4,2 L<\/li>\n<\/ul>\n<p>Dicas:<\/p>\n<ul>\n<li>Ideal para personalizar em diversas cores e logos 360\u00b0 em alta resolu\u00e7\u00e3o.<\/li>\n<\/ul>\n<p>Quantidade m\u00ednima:<\/p>\n<ul>\n<li>1.000 unidades.<\/li>\n<\/ul>\n","protected":false},"excerpt":{"rendered":"<p>Os Balde Foods in mold label \u00e9 uma excelente op\u00e7\u00e3o para projetos onde \u00e9 necess\u00e1rio rotular marcas em alta resolu\u00e7\u00e3o com infinitos logos e cores em um \u00fanico per\u00edmetro, sendo<span style=\"text-align: left; color: #666666; text-transform: none; text-indent: 0px; letter-spacing: normal; font-family: 'Open Sans',Arial,sans-serif; font-size: 14px; font-style: normal; font-variant: normal; font-weight: 500; text-decoration: none; word-spacing: 0px; float: none; display: inline !important; white-space: normal; cursor: text; orphans: 2; background-color: #ffffff; -webkit-text-stroke-width: 0px;\"> ideal para seriar kits de bags e packs promocional.<\/span><\/p>\n","protected":false},"featured_media":509,"comment_status":"closed","ping_status":"closed","template":"","meta":[],"product_brand":[],"product_cat":[26,29],"product_tag":[],"class_list":{"0":"post-374","1":"product","2":"type-product","3":"status-publish","4":"has-post-thumbnail","6":"product_cat-decorar","7":"product_cat-servir","9":"entry","10":"has-media","12":"first","13":"instock","14":"shipping-taxable","15":"product-type-simple","16":"has-product-nav","17":"col","18":"span_1_of_3","19":"owp-content-center","20":"owp-thumbs-layout-horizontal","21":"owp-btn-normal","22":"owp-tabs-layout-horizontal","23":"has-no-thumbnails"},"_links":{"self":[{"href":"https:\/\/labs.sheikeco.com.br\/Plasmold\/wp-json\/wp\/v2\/product\/374","targetHints":{"allow":["GET"]}}],"collection":[{"href":"https:\/\/labs.sheikeco.com.br\/Plasmold\/wp-json\/wp\/v2\/product"}],"about":[{"href":"https:\/\/labs.sheikeco.com.br\/Plasmold\/wp-json\/wp\/v2\/types\/product"}],"replies":[{"embeddable":true,"href":"https:\/\/labs.sheikeco.com.br\/Plasmold\/wp-json\/wp\/v2\/comments?post=374"}],"wp:featuredmedia":[{"embeddable":true,"href":"https:\/\/labs.sheikeco.com.br\/Plasmold\/wp-json\/wp\/v2\/media\/509"}],"wp:attachment":[{"href":"https:\/\/labs.sheikeco.com.br\/Plasmold\/wp-json\/wp\/v2\/media?parent=374"}],"wp:term":[{"taxonomy":"product_brand","embeddable":true,"href":"https:\/\/labs.sheikeco.com.br\/Plasmold\/wp-json\/wp\/v2\/product_brand?post=374"},{"taxonomy":"product_cat","embeddable":true,"href":"https:\/\/labs.sheikeco.com.br\/Plasmold\/wp-json\/wp\/v2\/product_cat?post=374"},{"taxonomy":"product_tag","embeddable":true,"href":"https:\/\/labs.sheikeco.com.br\/Plasmold\/wp-json\/wp\/v2\/product_tag?post=374"}],"curies":[{"name":"wp","href":"https:\/\/api.w.org\/{rel}","templated":true}]}}